{"id":4360,"date":"2020-05-27T09:00:47","date_gmt":"2020-05-27T07:00:47","guid":{"rendered":"https:\/\/serena.promoservicebeta.com\/rooms\/mare-top-panorama-comfort\/"},"modified":"2020-06-09T10:33:51","modified_gmt":"2020-06-09T08:33:51","slug":"mare-top-panorama-comfort","status":"publish","type":"rooms","link":"https:\/\/www.hotelserenacaorle.com\/cs\/pokoj\/mare-top-panorama-comfort\/","title":{"rendered":"Mare Top Panorama Comfort"},"content":{"rendered":"\n<p>Triple room on 4\u00b0 floor with balcony, seafront view.<\/p>\n","protected":false},"excerpt":{"rendered":"<p>Triple room on 4\u00b0 floor with balcony, seafront view.<\/p>\n","protected":false},"author":1,"featured_media":2728,"comment_status":"closed","ping_status":"closed","template":"","meta":{"_acf_changed":false,"_uag_custom_page_level_css":"","advgb_blocks_editor_width":"","advgb_blocks_columns_visual_guide":"","footnotes":""},"room_categories":[],"class_list":["post-4360","rooms","type-rooms","status-publish","has-post-thumbnail","hentry"],"acf":[],"yoast_head":"<!-- This site is optimized with the Yoast SEO plugin v25.7 - https:\/\/yoast.com\/wordpress\/plugins\/seo\/ -->\n<title>Mare Top Panorama Comfort - Hotel Serena<\/title>\n<meta name=\"robots\" content=\"index, follow, max-snippet:-1, max-image-preview:large, max-video-preview:-1\" \/>\n<link rel=\"canonical\" href=\"https:\/\/www.hotelserenacaorle.com\/cs\/pokoj\/mare-top-panorama-comfort\/\" \/>\n<meta property=\"og:locale\" content=\"cs_CZ\" \/>\n<meta property=\"og:type\" content=\"article\" \/>\n<meta property=\"og:title\" content=\"Mare Top Panorama Comfort - Hotel Serena\" \/>\n<meta property=\"og:description\" content=\"Triple room on 4\u00b0 floor with balcony, seafront view.\" \/>\n<meta property=\"og:url\" content=\"https:\/\/www.hotelserenacaorle.com\/cs\/pokoj\/mare-top-panorama-comfort\/\" \/>\n<meta property=\"og:site_name\" content=\"Hotel Serena\" \/>\n<meta property=\"article:modified_time\" content=\"2020-06-09T08:33:51+00:00\" \/>\n<meta property=\"og:image\" content=\"https:\/\/www.hotelserenacaorle.com\/wp-content\/uploads\/2020\/04\/Hotel-Serena-Caorle-suite-mare-banner.jpg\" \/>\n\t<meta property=\"og:image:width\" content=\"1280\" \/>\n\t<meta property=\"og:image:height\" content=\"758\" \/>\n\t<meta property=\"og:image:type\" content=\"image\/jpeg\" \/>\n<meta name=\"twitter:card\" content=\"summary_large_image\" \/>\n<script type=\"application\/ld+json\" class=\"yoast-schema-graph\">{\"@context\":\"https:\/\/schema.org\",\"@graph\":[{\"@type\":\"WebPage\",\"@id\":\"https:\/\/www.hotelserenacaorle.com\/cs\/pokoj\/mare-top-panorama-comfort\/\",\"url\":\"https:\/\/www.hotelserenacaorle.com\/cs\/pokoj\/mare-top-panorama-comfort\/\",\"name\":\"Mare Top Panorama Comfort - Hotel Serena\",\"isPartOf\":{\"@id\":\"https:\/\/www.hotelserenacaorle.com\/cs\/#website\"},\"primaryImageOfPage\":{\"@id\":\"https:\/\/www.hotelserenacaorle.com\/cs\/pokoj\/mare-top-panorama-comfort\/#primaryimage\"},\"image\":{\"@id\":\"https:\/\/www.hotelserenacaorle.com\/cs\/pokoj\/mare-top-panorama-comfort\/#primaryimage\"},\"thumbnailUrl\":\"https:\/\/www.hotelserenacaorle.com\/wp-content\/uploads\/2020\/04\/Hotel-Serena-Caorle-suite-mare-banner.jpg\",\"datePublished\":\"2020-05-27T07:00:47+00:00\",\"dateModified\":\"2020-06-09T08:33:51+00:00\",\"breadcrumb\":{\"@id\":\"https:\/\/www.hotelserenacaorle.com\/cs\/pokoj\/mare-top-panorama-comfort\/#breadcrumb\"},\"inLanguage\":\"cs\",\"potentialAction\":[{\"@type\":\"ReadAction\",\"target\":[\"https:\/\/www.hotelserenacaorle.com\/cs\/pokoj\/mare-top-panorama-comfort\/\"]}]},{\"@type\":\"ImageObject\",\"inLanguage\":\"cs\",\"@id\":\"https:\/\/www.hotelserenacaorle.com\/cs\/pokoj\/mare-top-panorama-comfort\/#primaryimage\",\"url\":\"https:\/\/www.hotelserenacaorle.com\/wp-content\/uploads\/2020\/04\/Hotel-Serena-Caorle-suite-mare-banner.jpg\",\"contentUrl\":\"https:\/\/www.hotelserenacaorle.com\/wp-content\/uploads\/2020\/04\/Hotel-Serena-Caorle-suite-mare-banner.jpg\",\"width\":1280,\"height\":758},{\"@type\":\"BreadcrumbList\",\"@id\":\"https:\/\/www.hotelserenacaorle.com\/cs\/pokoj\/mare-top-panorama-comfort\/#breadcrumb\",\"itemListElement\":[{\"@type\":\"ListItem\",\"position\":1,\"name\":\"Home\",\"item\":\"https:\/\/www.hotelserenacaorle.com\/cs\/\"},{\"@type\":\"ListItem\",\"position\":2,\"name\":\"Rooms\",\"item\":\"https:\/\/www.hotelserenacaorle.com\/cs\/pokoj\/\"},{\"@type\":\"ListItem\",\"position\":3,\"name\":\"Mare Top Panorama Comfort\"}]},{\"@type\":\"WebSite\",\"@id\":\"https:\/\/www.hotelserenacaorle.com\/cs\/#website\",\"url\":\"https:\/\/www.hotelserenacaorle.com\/cs\/\",\"name\":\"Hotel Serena\",\"description\":\"Mo\u0159sk\u00e1 fronta v Caorle\",\"publisher\":{\"@id\":\"https:\/\/www.hotelserenacaorle.com\/cs\/#organization\"},\"potentialAction\":[{\"@type\":\"SearchAction\",\"target\":{\"@type\":\"EntryPoint\",\"urlTemplate\":\"https:\/\/www.hotelserenacaorle.com\/cs\/?s={search_term_string}\"},\"query-input\":{\"@type\":\"PropertyValueSpecification\",\"valueRequired\":true,\"valueName\":\"search_term_string\"}}],\"inLanguage\":\"cs\"},{\"@type\":\"Organization\",\"@id\":\"https:\/\/www.hotelserenacaorle.com\/cs\/#organization\",\"name\":\"Hotel Serena\",\"url\":\"https:\/\/www.hotelserenacaorle.com\/cs\/\",\"logo\":{\"@type\":\"ImageObject\",\"inLanguage\":\"cs\",\"@id\":\"https:\/\/www.hotelserenacaorle.com\/cs\/#\/schema\/logo\/image\/\",\"url\":\"https:\/\/www.hotelserenacaorle.com\/wp-content\/uploads\/2020\/04\/Logo-orizz-original-white-1-1.png\",\"contentUrl\":\"https:\/\/www.hotelserenacaorle.com\/wp-content\/uploads\/2020\/04\/Logo-orizz-original-white-1-1.png\",\"width\":800,\"height\":150,\"caption\":\"Hotel Serena\"},\"image\":{\"@id\":\"https:\/\/www.hotelserenacaorle.com\/cs\/#\/schema\/logo\/image\/\"}}]}<\/script>\n<!-- \/ Yoast SEO plugin. -->","yoast_head_json":{"title":"Mare Top Panorama Comfort - Hotel Serena","robots":{"index":"index","follow":"follow","max-snippet":"max-snippet:-1","max-image-preview":"max-image-preview:large","max-video-preview":"max-video-preview:-1"},"canonical":"https:\/\/www.hotelserenacaorle.com\/cs\/pokoj\/mare-top-panorama-comfort\/","og_locale":"cs_CZ","og_type":"article","og_title":"Mare Top Panorama Comfort - Hotel Serena","og_description":"Triple room on 4\u00b0 floor with balcony, seafront view.","og_url":"https:\/\/www.hotelserenacaorle.com\/cs\/pokoj\/mare-top-panorama-comfort\/","og_site_name":"Hotel Serena","article_modified_time":"2020-06-09T08:33:51+00:00","og_image":[{"width":1280,"height":758,"url":"https:\/\/www.hotelserenacaorle.com\/wp-content\/uploads\/2020\/04\/Hotel-Serena-Caorle-suite-mare-banner.jpg","type":"image\/jpeg"}],"twitter_card":"summary_large_image","schema":{"@context":"https:\/\/schema.org","@graph":[{"@type":"WebPage","@id":"https:\/\/www.hotelserenacaorle.com\/cs\/pokoj\/mare-top-panorama-comfort\/","url":"https:\/\/www.hotelserenacaorle.com\/cs\/pokoj\/mare-top-panorama-comfort\/","name":"Mare Top Panorama Comfort - Hotel Serena","isPartOf":{"@id":"https:\/\/www.hotelserenacaorle.com\/cs\/#website"},"primaryImageOfPage":{"@id":"https:\/\/www.hotelserenacaorle.com\/cs\/pokoj\/mare-top-panorama-comfort\/#primaryimage"},"image":{"@id":"https:\/\/www.hotelserenacaorle.com\/cs\/pokoj\/mare-top-panorama-comfort\/#primaryimage"},"thumbnailUrl":"https:\/\/www.hotelserenacaorle.com\/wp-content\/uploads\/2020\/04\/Hotel-Serena-Caorle-suite-mare-banner.jpg","datePublished":"2020-05-27T07:00:47+00:00","dateModified":"2020-06-09T08:33:51+00:00","breadcrumb":{"@id":"https:\/\/www.hotelserenacaorle.com\/cs\/pokoj\/mare-top-panorama-comfort\/#breadcrumb"},"inLanguage":"cs","potentialAction":[{"@type":"ReadAction","target":["https:\/\/www.hotelserenacaorle.com\/cs\/pokoj\/mare-top-panorama-comfort\/"]}]},{"@type":"ImageObject","inLanguage":"cs","@id":"https:\/\/www.hotelserenacaorle.com\/cs\/pokoj\/mare-top-panorama-comfort\/#primaryimage","url":"https:\/\/www.hotelserenacaorle.com\/wp-content\/uploads\/2020\/04\/Hotel-Serena-Caorle-suite-mare-banner.jpg","contentUrl":"https:\/\/www.hotelserenacaorle.com\/wp-content\/uploads\/2020\/04\/Hotel-Serena-Caorle-suite-mare-banner.jpg","width":1280,"height":758},{"@type":"BreadcrumbList","@id":"https:\/\/www.hotelserenacaorle.com\/cs\/pokoj\/mare-top-panorama-comfort\/#breadcrumb","itemListElement":[{"@type":"ListItem","position":1,"name":"Home","item":"https:\/\/www.hotelserenacaorle.com\/cs\/"},{"@type":"ListItem","position":2,"name":"Rooms","item":"https:\/\/www.hotelserenacaorle.com\/cs\/pokoj\/"},{"@type":"ListItem","position":3,"name":"Mare Top Panorama Comfort"}]},{"@type":"WebSite","@id":"https:\/\/www.hotelserenacaorle.com\/cs\/#website","url":"https:\/\/www.hotelserenacaorle.com\/cs\/","name":"Hotel Serena","description":"Mo\u0159sk\u00e1 fronta v Caorle","publisher":{"@id":"https:\/\/www.hotelserenacaorle.com\/cs\/#organization"},"potentialAction":[{"@type":"SearchAction","target":{"@type":"EntryPoint","urlTemplate":"https:\/\/www.hotelserenacaorle.com\/cs\/?s={search_term_string}"},"query-input":{"@type":"PropertyValueSpecification","valueRequired":true,"valueName":"search_term_string"}}],"inLanguage":"cs"},{"@type":"Organization","@id":"https:\/\/www.hotelserenacaorle.com\/cs\/#organization","name":"Hotel Serena","url":"https:\/\/www.hotelserenacaorle.com\/cs\/","logo":{"@type":"ImageObject","inLanguage":"cs","@id":"https:\/\/www.hotelserenacaorle.com\/cs\/#\/schema\/logo\/image\/","url":"https:\/\/www.hotelserenacaorle.com\/wp-content\/uploads\/2020\/04\/Logo-orizz-original-white-1-1.png","contentUrl":"https:\/\/www.hotelserenacaorle.com\/wp-content\/uploads\/2020\/04\/Logo-orizz-original-white-1-1.png","width":800,"height":150,"caption":"Hotel Serena"},"image":{"@id":"https:\/\/www.hotelserenacaorle.com\/cs\/#\/schema\/logo\/image\/"}}]}},"uagb_featured_image_src":{"full":["https:\/\/www.hotelserenacaorle.com\/wp-content\/uploads\/2020\/04\/Hotel-Serena-Caorle-suite-mare-banner.jpg",1280,758,false],"thumbnail":["https:\/\/www.hotelserenacaorle.com\/wp-content\/uploads\/2020\/04\/Hotel-Serena-Caorle-suite-mare-banner-150x150.jpg",150,150,true],"medium":["https:\/\/www.hotelserenacaorle.com\/wp-content\/uploads\/2020\/04\/Hotel-Serena-Caorle-suite-mare-banner-300x178.jpg",300,178,true],"medium_large":["https:\/\/www.hotelserenacaorle.com\/wp-content\/uploads\/2020\/04\/Hotel-Serena-Caorle-suite-mare-banner-768x455.jpg",580,344,true],"large":["https:\/\/www.hotelserenacaorle.com\/wp-content\/uploads\/2020\/04\/Hotel-Serena-Caorle-suite-mare-banner-1024x606.jpg",580,343,true],"1536x1536":["https:\/\/www.hotelserenacaorle.com\/wp-content\/uploads\/2020\/04\/Hotel-Serena-Caorle-suite-mare-banner.jpg",1280,758,false],"2048x2048":["https:\/\/www.hotelserenacaorle.com\/wp-content\/uploads\/2020\/04\/Hotel-Serena-Caorle-suite-mare-banner.jpg",1280,758,false],"post-thumbnail":["https:\/\/www.hotelserenacaorle.com\/wp-content\/uploads\/2020\/04\/Hotel-Serena-Caorle-suite-mare-banner-1200x711.jpg",1200,711,true],"twentytwenty-fullscreen":["https:\/\/www.hotelserenacaorle.com\/wp-content\/uploads\/2020\/04\/Hotel-Serena-Caorle-suite-mare-banner.jpg",1280,758,false]},"uagb_author_info":{"display_name":"3r4cl3-p4l4","author_link":"https:\/\/www.hotelserenacaorle.com\/cs\/author\/3r4cl3-p4l4\/"},"uagb_comment_info":0,"uagb_excerpt":"Triple room on 4\u00b0 floor with balcony, seafront view.","featured_img":"https:\/\/www.hotelserenacaorle.com\/wp-content\/uploads\/2020\/04\/Hotel-Serena-Caorle-suite-mare-banner-1200x711.jpg","coauthors":[],"author_meta":{"author_link":"https:\/\/www.hotelserenacaorle.com\/cs\/author\/3r4cl3-p4l4\/","display_name":"3r4cl3-p4l4"},"relative_dates":{"created":"Posted 6 roky ago","modified":"Updated 6 roky ago"},"absolute_dates":{"created":"Posted on 27 kv\u011btna 2020","modified":"Updated on 9 \u010dervna 2020"},"absolute_dates_time":{"created":"Posted on 27 kv\u011btna 2020 09:00","modified":"Updated on 9 \u010dervna 2020 10:33"},"featured_img_caption":"","tax_additional":{"room_categories":{"linked":[],"unlinked":[],"slug":"room_categories","name":"Rubriky"},"translation_priority":{"linked":["<a href=\"https:\/\/www.hotelserenacaorle.com\/cs\/?taxonomy=translation_priority&#038;term=optional\" class=\"advgb-post-tax-term\">Optional<\/a>"],"unlinked":["<span class=\"advgb-post-tax-term\">Optional<\/span>"],"slug":"translation_priority","name":"Translation Priorities"}},"series_order":"","_links":{"self":[{"href":"https:\/\/www.hotelserenacaorle.com\/cs\/wp-json\/wp\/v2\/rooms\/4360","targetHints":{"allow":["GET"]}}],"collection":[{"href":"https:\/\/www.hotelserenacaorle.com\/cs\/wp-json\/wp\/v2\/rooms"}],"about":[{"href":"https:\/\/www.hotelserenacaorle.com\/cs\/wp-json\/wp\/v2\/types\/rooms"}],"author":[{"embeddable":true,"href":"https:\/\/www.hotelserenacaorle.com\/cs\/wp-json\/wp\/v2\/users\/1"}],"replies":[{"embeddable":true,"href":"https:\/\/www.hotelserenacaorle.com\/cs\/wp-json\/wp\/v2\/comments?post=4360"}],"version-history":[{"count":0,"href":"https:\/\/www.hotelserenacaorle.com\/cs\/wp-json\/wp\/v2\/rooms\/4360\/revisions"}],"wp:featuredmedia":[{"embeddable":true,"href":"https:\/\/www.hotelserenacaorle.com\/cs\/wp-json\/wp\/v2\/media\/2728"}],"wp:attachment":[{"href":"https:\/\/www.hotelserenacaorle.com\/cs\/wp-json\/wp\/v2\/media?parent=4360"}],"wp:term":[{"taxonomy":"room_categories","embeddable":true,"href":"https:\/\/www.hotelserenacaorle.com\/cs\/wp-json\/wp\/v2\/room_categories?post=4360"}],"curies":[{"name":"wp","href":"https:\/\/api.w.org\/{rel}","templated":true}]}}

<!-- This site is optimized with the Yoast SEO plugin v25.7 - https://yoast.com/wordpress/plugins/seo/ -->
<title>Mare Top Panorama Comfort - Hotel Serena</title>
<meta name="robots" content="index, follow, max-snippet:-1, max-image-preview:large, max-video-preview:-1" />
<link rel="canonical" href="https://www.hotelserenacaorle.com/cs/pokoj/mare-top-panorama-comfort/" />
<meta property="og:locale" content="cs_CZ" />
<meta property="og:type" content="article" />
<meta property="og:title" content="Mare Top Panorama Comfort - Hotel Serena" />
<meta property="og:description" content="Triple room on 4° floor with balcony, seafront view." />
<meta property="og:url" content="https://www.hotelserenacaorle.com/cs/pokoj/mare-top-panorama-comfort/" />
<meta property="og:site_name" content="Hotel Serena" />
<meta property="article:modified_time" content="2020-06-09T08:33:51+00:00" />
<meta property="og:image" content="https://www.hotelserenacaorle.com/wp-content/uploads/2020/04/Hotel-Serena-Caorle-suite-mare-banner.jpg" />
	<meta property="og:image:width" content="1280" />
	<meta property="og:image:height" content="758" />
	<meta property="og:image:type" content="image/jpeg" />
<meta name="twitter:card" content="summary_large_image" />
<script type="application/ld+json" class="yoast-schema-graph">{"@context":"https://schema.org","@graph":[{"@type":"WebPage","@id":"https://www.hotelserenacaorle.com/cs/pokoj/mare-top-panorama-comfort/","url":"https://www.hotelserenacaorle.com/cs/pokoj/mare-top-panorama-comfort/","name":"Mare Top Panorama Comfort - Hotel Serena","isPartOf":{"@id":"https://www.hotelserenacaorle.com/cs/#website"},"primaryImageOfPage":{"@id":"https://www.hotelserenacaorle.com/cs/pokoj/mare-top-panorama-comfort/#primaryimage"},"image":{"@id":"https://www.hotelserenacaorle.com/cs/pokoj/mare-top-panorama-comfort/#primaryimage"},"thumbnailUrl":"https://www.hotelserenacaorle.com/wp-content/uploads/2020/04/Hotel-Serena-Caorle-suite-mare-banner.jpg","datePublished":"2020-05-27T07:00:47+00:00","dateModified":"2020-06-09T08:33:51+00:00","breadcrumb":{"@id":"https://www.hotelserenacaorle.com/cs/pokoj/mare-top-panorama-comfort/#breadcrumb"},"inLanguage":"cs","potentialAction":[{"@type":"ReadAction","target":["https://www.hotelserenacaorle.com/cs/pokoj/mare-top-panorama-comfort/"]}]},{"@type":"ImageObject","inLanguage":"cs","@id":"https://www.hotelserenacaorle.com/cs/pokoj/mare-top-panorama-comfort/#primaryimage","url":"https://www.hotelserenacaorle.com/wp-content/uploads/2020/04/Hotel-Serena-Caorle-suite-mare-banner.jpg","contentUrl":"https://www.hotelserenacaorle.com/wp-content/uploads/2020/04/Hotel-Serena-Caorle-suite-mare-banner.jpg","width":1280,"height":758},{"@type":"BreadcrumbList","@id":"https://www.hotelserenacaorle.com/cs/pokoj/mare-top-panorama-comfort/#breadcrumb","itemListElement":[{"@type":"ListItem","position":1,"name":"Home","item":"https://www.hotelserenacaorle.com/cs/"},{"@type":"ListItem","position":2,"name":"Rooms","item":"https://www.hotelserenacaorle.com/cs/pokoj/"},{"@type":"ListItem","position":3,"name":"Mare Top Panorama Comfort"}]},{"@type":"WebSite","@id":"https://www.hotelserenacaorle.com/cs/#website","url":"https://www.hotelserenacaorle.com/cs/","name":"Hotel Serena","description":"Mořská fronta v Caorle","publisher":{"@id":"https://www.hotelserenacaorle.com/cs/#organization"},"potentialAction":[{"@type":"SearchAction","target":{"@type":"EntryPoint","urlTemplate":"https://www.hotelserenacaorle.com/cs/?s={search_term_string}"},"query-input":{"@type":"PropertyValueSpecification","valueRequired":true,"valueName":"search_term_string"}}],"inLanguage":"cs"},{"@type":"Organization","@id":"https://www.hotelserenacaorle.com/cs/#organization","name":"Hotel Serena","url":"https://www.hotelserenacaorle.com/cs/","logo":{"@type":"ImageObject","inLanguage":"cs","@id":"https://www.hotelserenacaorle.com/cs/#/schema/logo/image/","url":"https://www.hotelserenacaorle.com/wp-content/uploads/2020/04/Logo-orizz-original-white-1-1.png","contentUrl":"https://www.hotelserenacaorle.com/wp-content/uploads/2020/04/Logo-orizz-original-white-1-1.png","width":800,"height":150,"caption":"Hotel Serena"},"image":{"@id":"https://www.hotelserenacaorle.com/cs/#/schema/logo/image/"}}]}</script>
<!-- / Yoast SEO plugin. -->

Mořská fronta v Caorle

Posted on 27 května 2020

Updated on 9 června 2020

Posted on 27 května 2020 09:00

Updated on 9 června 2020 10:33
